9
What are the prime factors of 102333?
3, 7, 11, 443
What are the prime factors of 73760?
2, 5, 461
List the prime factors of 256169.
256169
What are the prime factors of 52936?
2, 13, 509
What are the prime factors of 1586703?
3, 107, 4943
List the prime factors of 461940.
2, 3, 5, 7699
List the prime factors of 3186932.
2, 7, 113819
What are the prime factors of 74013?
3, 24671
List the prime factors of 840689.
31, 47, 577
What are the prime factors of 98654?
2, 107, 461
What are the prime factors of 635322?
2, 3, 19, 5573
List the prime factors of 6094319.
7, 11, 79147
List the prime factors of 66112.
2, 1033
What are the prime factors of 2984786?
2, 7, 19, 229
What are the prime factors of 10048263?
3, 23, 107, 1361
List the prime factors of 12029433.
3, 13, 308447
List the prime factors of 114314.
2, 61, 937
List the prime factors of 4002858.
2, 3, 24709
List the prime factors of 35707655.
5, 7141531
List the prime factors of 17283307.
787, 21961
List the prime factors of 81612.
2, 3, 2267
What are the prime factors of 3162015?
3, 5, 29, 2423
List the prime factors of 490936.
2, 109, 563
List the prime factors of 3054565.
5, 610913
What are the prime factors of 2223695?
5, 444739
List the prime factors of 7647271.
29, 37, 7127
What are the prime factors of 3460250?
2, 5, 13841
What are the prime factors of 5713960?
2, 5, 7, 20407
List the prime factors of 1369122.
2, 3, 173, 1319
What are the prime factors of 183814?
2, 73, 1259
List the prime factors of 3995340.
2, 3, 5, 17, 3917
List the prime factors of 154255.
5, 30851
List the prime factors of 9908743.
13, 762211
What are the prime factors of 37808579?
919, 41141
What are the prime factors of 333255?
3, 5, 13, 1709
List the prime factors of 176664.
2, 3, 17, 433
List the prime factors of 8276352.
2, 3, 7, 3079
What are the prime factors of 1540588?
2, 7, 55021
What are the prime factors of 1024793?
7, 11, 13309
What are the prime factors of 29176437?
3, 17, 572087
What are the prime factors of 157513?
157513
List the prime factors of 395391.
3, 131797
List the prime factors of 8767955.
5, 7, 67, 3739
List the prime factors of 210289.
23, 41, 223
List the prime factors of 1545527.
37, 41771
List the prime factors of 4524779.
7, 646397
List the prime factors of 64904.
2, 7, 19, 61
What are the prime factors of 3142140?
2, 3, 5, 52369
What are the prime factors of 10252?
2, 11, 233
What are the prime factors of 5741630?
2, 5, 574163
List the prime factors of 2283351.
3, 7, 317
What are the prime factors of 252540?
2, 3, 5, 23, 61
List the prime factors of 2885119.
2885119
What are the prime factors of 1109021?
1109021
List the prime factors of 673823.
283, 2381
List the prime factors of 35726235.
3, 5, 2381749
What are the prime factors of 31210283?
13, 17, 141223
List the prime factors of 339364.
2, 37, 2293
What are the prime factors of 22751919?
3, 211, 11981
List the prime factors of 651194.
2, 325597
List the prime factors of 1267702.
2, 61, 10391
What are the prime factors of 44076073?
23, 1916351
What are the prime factors of 3842054?
2, 1921027
What are the prime factors of 3144068?
2, 786017
List the prime factors of 257310.
2, 3, 5, 953
What are the prime factors of 3986944?
2, 13, 599
What are the prime factors of 39766?
2, 59, 337
List the prime factors of 214789.
214789
List the prime factors of 2607764.
2, 41, 15901
List the prime factors of 13610744.
2, 7, 17, 29
What are the prime factors of 31319?
31319
What are the prime factors of 159633?
3, 17737
What are the prime factors of 393410?
2, 5, 39341
What are the prime factors of 30952768?
2, 7, 11, 571
What are the prime factors of 7425443?
7425443
List the prime factors of 1929552.
2, 3, 61, 659
List the prime factors of 173088.
2, 3, 601
What are the prime factors of 68004?
2, 3, 1889
What are the prime factors of 3426484?
2, 59, 14519
What are the prime factors of 5872410?
2, 3, 5, 71, 919
What are the prime factors of 1641258?
2, 3, 19, 4799
List the prime factors of 2459420.
2, 5, 122971
List the prime factors of 1606830.
2, 3, 5, 19, 2819
List the prime factors of 1537358.
2, 601, 1279
List the prime factors of 430625.
5, 13, 53
What are the prime factors of 2395378?
2, 179, 6691
List the prime factors of 32244449.
97, 332417
List the prime factors of 3557153.
3557153
What are the prime factors of 1192542?
2, 3, 13, 15289
List the prime factors of 139539.
3, 193, 241
List the prime factors of 387287.
241, 1607
List the prime factors of 4139841.
3, 1379947
List the prime factors of 33428409.
3, 7, 17, 93637
What are the prime factors of 13570569?
3, 1507841
List the prime factors of 1736.
2, 7, 31
List the prime factors of 9347844.
2, 3, 11, 23, 3079
List the prime factors of 2791130.
2, 5, 43, 6491
List the prime factors of 16096.
2, 503
What are the prime factors of 23354172?
2, 3, 71, 9137
List the prime factors of 381228.
2, 3, 31769
What are the prime factors of 1189081?
109, 10909
List the prime factors of 1306829.
1306829
What are the prime factors of 2991045?
3, 5, 199403
What are the prime factors of 1570877?
7, 11, 23, 887
List the prime factors of 14812307.
14812307
What are the prime factors of 25181?
13, 149
List the prime factors of 7795749.
3, 13, 47, 4253
List the prime factors of 3409000.
2, 5, 7, 487
List the prime factors of 882207.
3, 83, 1181
List the prime factors of 14009216.
2, 13, 8419
List the prime factors of 9605078.
2, 7, 98011
List the prime factors of 2928646.
2, 7, 209189
What are the prime factors of 213493?
7, 4357
List the prime factors of 174595.
5, 34919
List the prime factors of 6326194.
2, 7, 64553
List the prime factors of 12729470.
2, 5, 13, 97919
List the prime factors of 298163.
17, 17539
What are the prime factors of 32656?
2, 13, 157
What are the prime factors of 5906426?
2, 53, 55721
What are the prime factors of 10222679?
79, 129401
List the prime factors of 1252672.
2, 23, 37
List the prime factors of 3631008.
2, 3, 109, 347
What are the prime factors of 351678?
2, 3, 58613
List the prime factors of 3623001.
3, 31, 163, 239
List the prime factors of 6442634.
2, 11, 19, 15413
What are the prime factors of 19796009?
29, 409, 1669
List the prime factors of 9750086.
2, 883, 5521
List the prime factors of 116887.
179, 653
List the prime factors of 14737757.
1619, 9103
List the prime factors of 2382318.
2, 3, 157, 281
List the prime factors of 17683117.
17683117
List the prime factors of 37058105.
5, 7, 1058803
What are the prime factors of 621052?
2, 139, 1117
What are the prime factors of 1809164?
2, 7, 64613
What are the prime factors of 913848?
2, 3, 13, 29, 101
What are the prime factors of 55411?
55411
What are the prime factors of 1704845?
5, 17, 31, 647
List the prime factors of 14189795.
5, 59, 103, 467
List the prime factors of 2962219.
13, 191, 1193
List the prime factors of 1230657.
3, 37, 11087
What are the prime factors of 428573?
41, 10453
What are the prime factors of 439691?
7, 23, 2731
List the prime factors of 16628906.
2, 7, 593, 2003
What are the prime factors of 299535?
3, 5, 19, 1051
What are the prime factors of 232473?
3, 77491
What are the prime factors of 259289?
29, 8941
What are the prime factors of 2818?
2, 1409
What are the prime factors of 7383045?
3, 5, 509, 967
What are the prime factors of 161838?
2, 3, 37
List the prime factors of 143284.
2, 113, 317
What are the prime factors of 1714632?
2, 3, 71443
List the prime factors of 7874234.
2, 23, 171179
List the prime factors of 252581.
7, 36083
What are the prime factors of 2484927?
3, 43, 6421
List the prime factors of 4389877.
157, 27961
What are the prime factors of 1983538?
2, 157, 6317
List the prime factors of 10687109.
29, 368521
What are the prime factors of 5207?
41, 127
What are the prime factors of 5770041?
3, 43, 44729
What are the prime factors of 6600854?
2, 13, 253879
List the prime factors of 4898124.
2, 3, 7, 11, 19, 31
What are the prime factors of 711661?
109, 6529
What are the prime factors of 660395?
5, 269, 491
List the prime factors of 331161.
3, 167, 661
List the prime factors of 1668635.
5, 17, 67, 293
List the prime factors of 8545011.
3, 2848337
List the prime factors of 78843.
3, 41, 641
List the prime factors of 484524.
2, 3, 43, 313
What are the prime factor